ctors of u.
3
Let m be 13/(-3)*7/(14/(-360)). Suppose 0*u - 6*u + m = 0. What are the prime factors of u?
2, 5, 13
Let q = 178 - -105. List the prime factors of q.
283
Let t(x) be the third derivative of -x**6/120 - 7*x**5/60 + x**4/24 - 5*x**3/6 + 11*x**2. Let l be t(-7). What are the prime factors of (l/24)/(2/(-136))?
2, 17
Suppose 2626 = -3*p + 4*p + 4*h, 4*p = -4*h + 10444. What are the prime factors of p?
2, 1303
Let j be (-30)/(-12)*6/5. Suppose -v = -j*t + 13, -2*t - v - 4*v = -20. Suppose 3*b = 4*r + 56, 0 = b - t*r - 28 - 9. List the prime factors of b.
2, 3
Let r = 34 + -49. Let y = -19 - r. Let f = y - -24. What are the prime factors of f?
2, 5
Suppose 3*d - 5*d - 4*n = -632, 5*d = -4*n + 1580. What are the prime factors of d?
2, 79
Suppose -l - 5*b = -6*l + 180, -3*l + 2*b + 111 = 0. Suppose -5*f + 1059 = 2*c, l - 693 = -3*f + 5*c. What are the prime factors of f?
3, 71
Let k(f) = f**3 + 3*f**2 + 3*f + 2. Let h be k(-2). List the prime factors of (220/12 + h)*3.
5, 11
Let p be -1 + (-2 - 0)*-5. Suppose -5*l = 5*o - 50, 5*l - 4*o + 10 = 87. Let u = l - p. List the prime factors of u.
2
Suppose 2*d + 2*o = 538, 0 = -6*o + 9*o - 3. Suppose -5*b + 3*b = 0. Suppose 8*m - 4*m - d = b. List the prime factors of m.
67
Suppose -5*g = -3*i + 1134, -1030 = -5*i - 3*g + 860. What are the prime factors of i?
2, 3, 7
Let b = -64 - -64. What are the prime factors of (b - 5)*(-17)/5?
17
Let u be 18/(-9) + (-7)/(-1). Let j(w) = 0 + 5*w**2 + u - 6*w**2 - 3*w. What are the prime factors of j(-3)?
5
Let x = -504 - -871. Let s = 523 - x. What are the prime factors of s?
2, 3, 13
List the prime factors of 427*(34/7 - -2).
2, 3, 61
Let j be 2/(-6) - ((-114)/18 - -2). Suppose j*g = 5*w + 379 + 69, -5*w = -2*g + 234. What are the prime factors of g?
107
Suppose -5*l + 26*n = 27*n - 4369, -3*l = -2*n - 2624. What are the prime factors of l?
2, 19, 23
Suppose -3*m - 241 = -g, -2*m = -7 - 3. What are the prime factors of g?
2
Let l(h) = -h**2 - 3*h + 2. Let c be l(-4). Let x(n) = -4*n - 10. Let o be x(-4). Let w = c + o. List the prime factors of w.
2
Let q = -53 + 207. Let u = q + -75. List the prime factors of u.
79
What are the prime factors of (2 - 7)*-2*2766/12?
5, 461
Suppose -25 = 4*b + 3*u - 4*u, 3*b - u + 19 = 0. Let r(f) be the second derivative of -3*f**3/2 - 15*f**2/2 - 17*f. List the prime factors of r(b).
3, 13
Suppose -2*g + 600 = 3*g. Suppose -5*q + 9*q + g = 0. List the prime factors of q/(-2) - (-2 - 1).
2, 3
Let w be (9/6)/(-3)*-10. Suppose w*b = 424 + 291. What are the prime factors of b?
11, 13
Let v(y) = -11*y**3 + 2*y**2 + 5*y + 3. Let x be v(-3). Suppose 5*p - 483 = z, -p - 2*p + 5*z = -x. List the prime factors of p.
2, 3
Let m(v) = 157*v - 198. List the prime factors of m(10).
2, 7
Suppose 0 = -9*d - 4 + 40. Suppose -3 + 55 = d*y. List the prime factors of y.
13
Suppose 1 = -y + g + 17, -4*y - 5*g + 109 = 0. Let z = -16 + y. Suppose 3*b + 34 = t, z*b - 1 - 4 = 0. What are the prime factors of t?
37
Suppose -20691 = 14*h - 71*h. What are the prime factors of h?
3, 11
Let y = 70 + -67. Suppose -m = 3*t - 310, 4*t + y*m = 343 + 62. List the prime factors of t.
3, 5, 7
Let g be 9/(-3)*2/3. Let k = g - -92. List the prime factors of k.
2, 3, 5
Let c be 58*(-3)/(-18) + (-4)/6. List the prime factors of (-2)/c - 3520/(-45).
2, 3, 13
Let o(u) = -u**2 - u + 3. Let c be o(0). Suppose 0*j = c*j - 66. What are the prime factors of j?
2, 11
Suppose -5*k = 3*n - 869, 8*k - 523 = 5*k - n. Suppose -k*j - 405 = -178*j. What are the prime factors of j?
3, 5
What are the prime factors of (-11037)/(-2) - (-25)/((-700)/(-42))?
2, 3, 5, 23
Let b = 104 + -8. Suppose 73 + 53 = -2*a. Let j = a + b. List the prime factors of j.
3, 11
Let b = 1350 - -988. What are the prime factors of b?
2, 7, 167
List the prime factors of 295/2 - (-45)/18.
2, 3, 5
Suppose k - 2293 = 2*u, -1415 - 10095 = -5*k + u. List the prime factors of k.
7, 47
Suppose 2*l + 5*d - 180 - 2360 = 0, 0 = -4*l + 3*d + 5054. List the prime factors of l.
5, 11, 23
Let a be 9/6*40/6. Suppose a*t + 23 - 223 = 0. Let h = t - 3. List the prime factors of h.
17
Suppose 27*t = 9*t + 8064. List the prime factors of t.
2, 7
Let c(a) = 8*a**2 - 13*a**2 + 4*a - 17*a**2 + 6. Let s be c(-5). List the prime factors of s/(-20) - (-12)/15.
29
Let d(c) = 1 - 3 + 0 + 6*c + c. List the prime factors of d(6).
2, 5
Suppose -f + 3*f = 0. Suppose -2*l - 74 = -3*l - g, f = -2*g. Suppose 19 = s - 3*k - 22, 2*s = -2*k + l. List the prime factors of s.
2, 19
Let x = -15 + 27. Let g = 57 - 40. Suppose m = g + x. What are the prime factors of m?
29
Let y = -411 + 751. Suppose -259 - 81 = -4*g + 2*x, 0 = 4*g + 2*x - y. What are the prime factors of g?
5, 17
Suppose -2*w - 4 = -0. Let s be w + 16/2 - -2. Suppose -82 = -5*g + s. List the prime factors of g.
2, 3
Suppose 0*b = b - 10. Let m = -8 + b. What are the prime factors of (6/(-1) + m)*-3?
2, 3
Suppose -12*i + 16687 = 25*i. What are the prime factors of i?
11, 41
Let d(j) = 177*j**2 - 9*j. Let v be d(2). List the prime factors of (2/(-6))/((-5)/v).
2, 23
What are the prime factors of -6932*(2/3)/((-152)/57)?
1733
Suppose -3*p + 2*h = 81 - 552, -3*h = 0. Suppose 4*u - 47 - p = 0. What are the prime factors of u?
3, 17
Let s = 4 + 247. Let h = s + -162. Suppose 0 = -3*q + 10 + h. What are the prime factors of q?
3, 11
Suppose 2*u + 4*t + 80 = 0, 3*u = -2*u - 2*t - 224. Let p = 267 + u. List the prime factors of p.
13, 17
Suppose -i + 5*a - 1 = -40, 5*i + 4*a = 50. Let z(c) = 2*c**2 - 15*c + 57. What are the prime factors of z(i)?
239
Let f = 2493 - 183. What are the prime factors of f?
2, 3, 5, 7, 11
Let l = 19 - 17. Suppose -l*k - 6 = 3*h + 3, -k - 4*h = 17. Suppose 5*z - t + 2*t = 155, k*t = 4*z - 105. List the prime factors of z.
2, 3, 5
Suppose -3*l + 1595 = 8*l. Suppose -11 = i - l. What are the prime factors of i?
2, 67
Let b(f) = 103*f + 17. What are the prime factors of b(4)?
3, 11, 13
Let x be (-4 - -1) + (0 - -9). Let o be (x/(-4))/((-2)/4). Suppose -o*r - 2*r = -115. What are the prime factors of r?
23
Suppose -3*l - 66*j + 63*j = -7617, 2527 = l + 5*j. List the prime factors of l.
2, 31, 41
Suppose 0 = -17*h + 2*h + 7350. List the prime factors of h.
2, 5, 7
Let c be (-87)/1 + -7 + 7. Let t be (-8)/36 - c/27. Suppose m - 8 = t. List the prime factors of m.
11
Let b = -29 - -35. Suppose 4*a + 5*l - 12 = 0, 3*l = 2*a - 4*a + b. Suppose 19 = -a*n + 4*n. List the prime factors of n.
19
Let x be ((-72)/(-90))/((-1)/(-10)). What are the prime factors of (-405)/(-6)*x/12?
3, 5
Suppose 1326 = 3*z - 5*k - 590, -2540 = -4*z + 3*k. What are the prime factors of z?
2, 79
Suppose -9*p - 121 = -8*p. Let f = p - -176. List the prime factors of f.
5, 11
Suppose 5*g = 9*g - 52. Let x = 11 + g. Let u = 32 + x. List the prime factors of u.
2, 7
Suppose -8511 = -573*r + 570*r. List the prime factors of r.
2837
What are the prime factors of (164/287)/(2/(-2 + 6204))?
2, 443
Suppose 10*v - 2957 - 3 = 0. What are the prime factors of v?
2, 37
Let z be (-3 - (-5)/(-10))*2*-1. Let t(d) = d - 2. Let l be t(6). Suppose -l*c = -z*c + 48. What are the prime factors of c?
2
Suppose b + 2*b = 2*r - 10, -5*b = 0. Let z(y) = -36*y + 3. Let u be z(-2). Suppose -r*f + 0*f = -2*t - u, 0 = 5*f + t - 90. What are the prime factors of f?
17
Suppose -9*z + 4*z + 8570 = 2*s, -4*s = -20. List the prime factors of z.
2, 107
Let u be (-1 + 12/8)*42. Suppose u = a - 69. What are the prime factors of a?
2, 3, 5
Let l be 2 - -1 - (-1795 + -6). What are the prime factors of (l/(-132))/(-1*(-1)/(-3))?
41
Let s = -47 + 49. Suppose 0 = -m + 3, -30 = -s*o + 2*m + 122. What are the prime factors of o?
79
Let w(m) = -m**2 + m. Let k be w(4). Let u = -7 - k. Let r(p) = p**2 - p - 11. What are the prime factors of r(u)?
3
Let p = -18 + 12. Let n(x) = x**3 + 9*x**2 - 9*x + 13. Let u be n(-10). What are the prime factors of (p/5)/(u/(-60))?
2, 3
Let b be (3/5)/(-3) + 368/(-10). Let h = b + 65. What are the prime factors of h?
2, 7
Let z be 36/24*(1 - -5). Suppose b - 5*r - z = -2, -r - 1 = 0. What are the prime factors of 15 - (b + (3 - 2))?
2, 3
Let m = -6 - -8. Suppose 0 = -2*k + 6, 4*k + 265 = m*b - k. List the prime factors of b.
2, 5, 7
Let m(z) = z**3 + 18*z**2 - 23*z - 71. Let b be m(-19). Let t be 6/(1/2